{"id":2076,"date":"2025-04-11T14:03:24","date_gmt":"2025-04-11T13:03:24","guid":{"rendered":"https:\/\/yogacandrasurya.fr\/?page_id=2076"},"modified":"2025-05-16T13:23:48","modified_gmt":"2025-05-16T12:23:48","slug":"a-propos","status":"publish","type":"page","link":"https:\/\/yogacandrasurya.fr\/index.php\/a-propos\/","title":{"rendered":"A propos"},"content":{"rendered":"<p><span style=\"color: #0000ff;\">Lucile professeure de yoga Natha, dipl\u00f4m\u00e9e en 2009, \u00e0 la FFEY https:\/\/federation-de-yoga.com\/\u00a0 elle enseigne le yoga depuis 2009, dans le Gers.\u00a0 \u00a0 \u00a0 \u00a0 \u00a0 \u00a0 \u00a0 \u00a0 \u00a0 \u00a0 \u00a0 \u00a0 \u00a0 \u00a0 \u00a0 Son objectif est que les apprenants r\u00e9ussissent \u00e0 \u00eatre bien ou mieux pendant et apr\u00e8s un cours de yoga et qu&#8217;ils aient envie d&#8217;aller tous les jours un peu plus loin dans la conscience du corps et de l&#8217;esprit pour atteindre des espaces de bonheur. Toujours dans l&#8217;empathie et \u00e0 l&#8217;\u00e9coute du corps, Lucile recherche \u00e0 travers plusieurs disciplines de yoga le bon mouvement pour aller au plus juste dans les postures indiqu\u00e9es, c&#8217;est pour cela qu&#8217;elle s&#8217;est int\u00e9ress\u00e9e \u00e0 la pratique BKS Iyengar, car elle a cherch\u00e9 \u00e0 travers le corps des passages, des ouvertures afin que l&#8217;apprenant trouve l&#8217;espace pour aller s&#8217;aligner.<\/span><\/p>\n<p><span style=\"color: #0000ff;\">Lucile \u00e0 travaill\u00e9e aupr\u00e8s des personnes \u00e2g\u00e9es et naturellement elle s&#8217;est dirig\u00e9e vers un dipl\u00f4me sur la pratique de yoga sur chaise, afin d&#8217;am\u00e9liorer le quotidien et de garder une musculature et une aisance dans le corps de ces personnes.<\/span><\/p>\n<p><span style=\"color: #0000ff;\">Lucile a continu\u00e9 de se former, elle \u00e0 particip\u00e9 \u00e0 un stage de yoga a\u00e9rien (Fly) par Florie Ravinet. C&#8217;est une discipline de<strong> yoga a\u00e9rien, <\/strong>c&#8217;\u00a0est<strong>\u00a0<\/strong>une m\u00e9thode compl\u00e8te<strong>\u00a0r\u00e9unissant des savoir-faire et techniques li\u00e9s aux corps, aux \u00e9motions et au d\u00e9veloppement personnel et spirituel.\u00a0<\/strong>Suspendu dans un hamac, vous explorez des postures qui d\u00e9fient la gravit\u00e9 tout en respectant la physiologie de votre corps gr\u00e2ce \u00e0\u00a0<b>notre approche \u00e0 vis\u00e9 th\u00e9rapeutique valid\u00e9e par les professionnels de la sant\u00e9.<\/b><\/span><\/p>\n<p><span style=\"color: #0000ff;\">Lucile s&#8217;est int\u00e9ress\u00e9e en 2017 aux douleurs chroniques au niveau du dos, des muscles, des articulations et des fascias, c&#8217;est pour cela qu&#8217;elle a d\u00e9couvert la bior\u00e9sonance. (les fr\u00e9quences)<\/span><\/p>\n<p><span style=\"color: #0000ff;\">Cette exp\u00e9rience des fr\u00e9quences l&#8217;a amen\u00e9e \u00e0\u00a0 approfondir certaines pratiques, elle propose une m\u00e9thode qui s&#8217;inspire de techniques de mouvements spiral\u00e9s pour am\u00e9liorer la mobilit\u00e9 et la posture. C&#8217;est Une d\u00e9couvertes scientifiques r\u00e9centes, cette technique bouleverse la compr\u00e9hension du corps humain. Auto-r\u00e9g\u00e9n\u00e9ration, prot\u00e9ines anti-\u00e2ge, effets anti-inflammatoires, s\u2019ils sont travers\u00e9s de mouvements dynamiques tridimensionnels et multi-directionnels dans une extr\u00eame lenteur, les fascias se liqu\u00e9fient et d\u00e9voilent ces extraordinaires ressources, nich\u00e9es en chacun de nous.\u00a0<\/span><\/p>\n<p><span style=\"color: #0000ff;\">C&#8217;est pour cela que Lucile, \u00e0 travers son enseignement, \u00e0 une d\u00e9marche p\u00e9dagogue, psychologue, spirituelle et a l&#8217;\u00e9coute du corps et de l&#8217;esprit, elle am\u00e8ne chaque \u00eatre \u00e0 son \u00e9panouisseme<\/span>nt.<\/p>\n<p><img loading=\"lazy\" decoding=\"async\" class=\"aligncenter wp-image-2007\" src=\"https:\/\/yogacandrasurya.fr\/wp-content\/uploads\/2025\/04\/cole-keister-xMMh-VFGL9M-unsplash-scaled-1.jpg\" alt=\"\" width=\"264\" height=\"396\" srcset=\"https:\/\/yogacandrasurya.fr\/wp-content\/uploads\/2025\/04\/cole-keister-xMMh-VFGL9M-unsplash-scaled-1-1280x1920.jpg 1280w, https:\/\/yogacandrasurya.fr\/wp-content\/uploads\/2025\/04\/cole-keister-xMMh-VFGL9M-unsplash-scaled-1-980x1470.jpg 980w, https:\/\/yogacandrasurya.fr\/wp-content\/uploads\/2025\/04\/cole-keister-xMMh-VFGL9M-unsplash-scaled-1-480x720.jpg 480w\" sizes=\"(min-width: 0px) and (max-width: 480px) 480px, (min-width: 481px) and (max-width: 980px) 980px, (min-width: 981px) and (max-width: 1280px) 1280px, 100vw\" \/><\/p>\n<p>&nbsp;<\/p>\n","protected":false},"excerpt":{"rendered":"<p>Lucile professeure de yoga Natha, dipl\u00f4m\u00e9e en 2009, \u00e0 la FFEY https:\/\/federation-de-yoga.com\/\u00a0 elle enseigne le yoga depuis 2009, dans le [&hellip;]<\/p>\n","protected":false},"author":1,"featured_media":0,"parent":0,"menu_order":0,"comment_status":"closed","ping_status":"closed","template":"","meta":{"_et_pb_use_builder":"","_et_pb_old_content":"","_et_gb_content_width":"","_monsterinsights_skip_tracking":false,"_monsterinsights_sitenote_active":false,"_monsterinsights_sitenote_note":"","_monsterinsights_sitenote_category":0,"two_page_speed":[],"footnotes":""},"class_list":["post-2076","page","type-page","status-publish","hentry"],"aioseo_notices":[],"_links":{"self":[{"href":"https:\/\/yogacandrasurya.fr\/index.php\/wp-json\/wp\/v2\/pages\/2076","targetHints":{"allow":["GET"]}}],"collection":[{"href":"https:\/\/yogacandrasurya.fr\/index.php\/wp-json\/wp\/v2\/pages"}],"about":[{"href":"https:\/\/yogacandrasurya.fr\/index.php\/wp-json\/wp\/v2\/types\/page"}],"author":[{"embeddable":true,"href":"https:\/\/yogacandrasurya.fr\/index.php\/wp-json\/wp\/v2\/users\/1"}],"replies":[{"embeddable":true,"href":"https:\/\/yogacandrasurya.fr\/index.php\/wp-json\/wp\/v2\/comments?post=2076"}],"version-history":[{"count":5,"href":"https:\/\/yogacandrasurya.fr\/index.php\/wp-json\/wp\/v2\/pages\/2076\/revisions"}],"predecessor-version":[{"id":2174,"href":"https:\/\/yogacandrasurya.fr\/index.php\/wp-json\/wp\/v2\/pages\/2076\/revisions\/2174"}],"wp:attachment":[{"href":"https:\/\/yogacandrasurya.fr\/index.php\/wp-json\/wp\/v2\/media?parent=2076"}],"curies":[{"name":"wp","href":"https:\/\/api.w.org\/{rel}","templated":true}]}}